ors of 1927051405?
5, 17, 22671193
What are the prime factors of 119886612?
2, 3, 9990551
List the prime factors of 964804042.
2, 482402021
What are the prime factors of 581250491?
151, 3849341
What are the prime factors of 1617992898?
2, 3, 8467, 31849
List the prime factors of 689540878.
2, 13, 313, 84731
What are the prime factors of 68843724?
2, 3, 313, 18329
What are the prime factors of 613316597?
23, 2003, 13313
What are the prime factors of 882389431?
7, 11, 19, 37, 16301
List the prime factors of 240411971.
240411971
What are the prime factors of 121015261?
503, 240587
What are the prime factors of 1126029623?
19, 109, 543713
List the prime factors of 781984081.
137, 1009, 5657
What are the prime factors of 241181008?
2, 15073813
What are the prime factors of 564260525?
5, 53, 425857
List the prime factors of 1678077378.
2, 3, 17, 19, 23, 47, 89
What are the prime factors of 27880122?
2, 3, 293, 15859
List the prime factors of 62427654.
2, 3, 19, 182537
List the prime factors of 398730683.
13, 751, 40841
What are the prime factors of 29508648?
2, 3, 13, 271, 349
What are the prime factors of 80259052?
2, 23, 872381
List the prime factors of 281705277.
3, 7, 31, 432727
List the prime factors of 2683802408.
2, 7, 577, 83059
List the prime factors of 16217942.
2, 13, 623767
What are the prime factors of 399416768?
2, 17, 29, 12659
List the prime factors of 364034351.
11027, 33013
What are the prime factors of 154612473?
3, 51537491
What are the prime factors of 2450875656?
2, 3, 1901, 53719
What are the prime factors of 27585000?
2, 3, 5, 613
List the prime factors of 3002985608.
2, 7, 2749, 19507
What are the prime factors of 636349696?
2, 1031, 2411
What are the prime factors of 33480502?
2, 11, 23, 127, 521
List the prime factors of 6989219266.
2, 31, 37, 431, 7069
List the prime factors of 3142528211.
3142528211
What are the prime factors of 76091621?
29, 353, 7433
What are the prime factors of 1216098496?
2, 19, 1000081
List the prime factors of 223849324.
2, 55962331
List the prime factors of 118039877.
1033, 114269
List the prime factors of 25182501.
3, 601, 13967
What are the prime factors of 771831462?
2, 3, 29, 47, 94379
List the prime factors of 470375638.
2, 79, 107, 27823
What are the prime factors of 115885470?
2, 3, 5, 3862849
List the prime factors of 355139760.
2, 3, 5, 79, 18731
List the prime factors of 6510439519.
73, 661, 134923
List the prime factors of 66570734.
2, 2027, 16421
What are the prime factors of 842299507?
7, 19, 6333079
List the prime factors of 144494779.
11, 13, 47, 21499
What are the prime factors of 80239566?
2, 3, 11, 503, 2417
List the prime factors of 106420442.
2, 17, 43, 83, 877
List the prime factors of 2664229457.
19, 881, 8377
List the prime factors of 793040122.
2, 7, 41, 59, 23417
List the prime factors of 4027054409.
7, 293, 1963459
List the prime factors of 303729864.
2, 3, 12655411
What are the prime factors of 41329058?
2, 20664529
List the prime factors of 15874507.
11, 53, 73, 373
What are the prime factors of 4663091491?
59, 79035449
What are the prime factors of 406230488?
2, 19, 1103, 2423
What are the prime factors of 1074687696?
2, 3, 23, 108161
What are the prime factors of 1253123254?
2, 2341, 267647
List the prime factors of 8354293655.
5, 601, 2780131
What are the prime factors of 4291494420?
2, 3, 5, 5527, 12941
What are the prime factors of 572439813?
3, 11, 17346661
What are the prime factors of 7604110676?
2, 17, 3931, 28447
What are the prime factors of 66788999?
66788999
What are the prime factors of 721035650?
2, 5, 37, 389749
List the prime factors of 31864286.
2, 103, 154681
List the prime factors of 572440945.
5, 114488189
List the prime factors of 3934306.
2, 211, 9323
List the prime factors of 730000628.
2, 7, 59, 63127
What are the prime factors of 7830465?
3, 5, 23, 22697
List the prime factors of 30643648.
2, 7, 73, 937
List the prime factors of 387850067.
11, 43, 71, 11549
List the prime factors of 43208212.
2, 149, 72497
What are the prime factors of 96960554?
2, 17, 113, 25237
List the prime factors of 636298476.
2, 3, 11, 4820443
What are the prime factors of 1870005885?
3, 5, 11, 59, 192091
What are the prime factors of 2507471995?
5, 7, 71642057
What are the prime factors of 257026133?
7, 13, 2824463
What are the prime factors of 37571682?
2, 3, 6261947
List the prime factors of 6182645593.
6182645593
What are the prime factors of 675477161?
675477161
What are the prime factors of 3499198862?
2, 983, 1779857
List the prime factors of 803275417.
7, 7019, 16349
What are the prime factors of 219137637?
3, 67, 211, 5167
List the prime factors of 1400029015.
5, 7, 11, 3636439
List the prime factors of 977777699.
67, 127, 151, 761
List the prime factors of 5323500.
2, 3, 5, 7, 13
List the prime factors of 253687042.
2, 7, 18120503
List the prime factors of 2546209407.
3, 7, 121248067
List the prime factors of 140878127.
13, 10836779
What are the prime factors of 2369193?
3, 789731
List the prime factors of 691278043.
59, 3089, 3793
List the prime factors of 32205353.
32205353
What are the prime factors of 284403104?
2, 8887597
What are the prime factors of 95895726?
2, 3, 1193, 13397
What are the prime factors of 4605579079?
211, 21827389
What are the prime factors of 58980704?
2, 1843147
What are the prime factors of 76753151?
43, 1784957
List the prime factors of 1587677210.
2, 5, 7, 29, 782107
What are the prime factors of 81912385?
5, 29, 31, 18223
List the prime factors of 232321679.
232321679
List the prime factors of 5775798271.
5237, 1102883
What are the prime factors of 2852005997?
10691, 266767
What are the prime factors of 17394549?
3, 5798183
What are the prime factors of 9700905215?
5, 89, 139, 156833
What are the prime factors of 320597123?
7, 11, 378509
List the prime factors of 4962552431.
37657, 131783
List the prime factors of 974830620.
2, 3, 5, 23, 30713
What are the prime factors of 1469823633?
3, 163313737
What are the prime factors of 1941651578?
2, 970825789
What are the prime factors of 18319725?
3, 5, 81421
List the prime factors of 59064919.
17, 1549, 2243
List the prime factors of 137316524.
2, 107, 320833
What are the prime factors of 378533891?
378533891
What are the prime factors of 136047913?
136047913
What are the prime factors of 16095078?
2, 3, 23, 12959
What are the prime factors of 142699024?
2, 13, 29, 41, 577
List the prime factors of 540158008.
2, 13, 1021, 5087
What are the prime factors of 5357269567?
13, 383, 1075973
What are the prime factors of 25658601?
3, 8552867
List the prime factors of 339359089.
23, 241, 61223
List the prime factors of 3398607262.
2, 1699303631
What are the prime factors of 177254487?
3, 2188327
What are the prime factors of 4416127273?
4416127273
What are the prime factors of 2733205?
5, 23, 23767
What are the prime factors of 190693598?
2, 23, 491, 8443
List the prime factors of 288825554.
2, 144412777
List the prime factors of 103040791.
7, 17, 865889
What are the prime factors of 97151232?
2, 3, 126499
List the prime factors of 46567282.
2, 167, 139423
List the prime factors of 1348881896.
2, 19, 2713, 3271
What are the prime factors of 153527478?
2, 3, 13, 1968301
List the prime factors of 6090647179.
73, 83433523
List the prime factors of 63712249.
3181, 20029
List the prime factors of 381437240.
2, 5, 9535931
What are the prime factors of 2546819239?
9173, 277643
List the prime factors of 41579041.
7, 5939863
What are the prime factors of 265343492?
2, 66335873
List the prime factors of 427945265.
5, 11, 19, 409517
List the prime factors of 363646679.
11, 33058789
What are the prime factors of 674330273?
19, 73, 486179
What are the prime factors of 583969161?
3, 19, 10245073
What are the prime factors of 657251773?
17, 38661869
List the prime factors of 202340218.
2, 2551, 39659
What are the prime factors of 4120225340?
2, 5, 7, 11, 2675471
What are the prime factors of 1606610679?
3, 535536893
List the prime factors of 3342777048.
2, 3, 13, 17, 421, 499
List the prime factors of 117203583.
3, 7, 263, 21221
What are the prime factors of 54500805?
3, 5, 331, 3659
List the prime factors of 727633655.
5, 7, 967, 21499
What are the prime factors of 2462526009?
3, 37, 73, 33767
What are